{"id":126,"date":"2021-06-18T11:26:00","date_gmt":"2021-06-18T09:26:00","guid":{"rendered":"http:\/\/ksyxvoz.cluster028.hosting.ovh.net\/?page_id=126"},"modified":"2023-09-16T12:05:13","modified_gmt":"2023-09-16T10:05:13","slug":"plan-daction-tarologique","status":"publish","type":"page","link":"https:\/\/reinventonsnosvies.com\/index.php\/plan-daction-tarologique\/","title":{"rendered":"Plan d\u2019Action Tarologique"},"content":{"rendered":"\n<p class=\"has-text-align-center has-text-color\" style=\"color:#170449\"><em>Les consultations ont lieu de mai \u00e0 septembre<\/em>.<\/p>\n\n\n\n<p class=\"has-text-color\" style=\"color:#170449\">Le Plan d&rsquo;Action Tarologique s&rsquo;adresse aux personnes ayant fait la consultation <strong><a href=\"https:\/\/reinventonsnosvies.com\/index.php\/tirage-tarologique-de-lannee\/\" data-type=\"page\" data-id=\"118\">Tirage Tarologique de l&rsquo;Ann\u00e9e<\/a><\/strong>. Lors de cette s\u00e9ance nous avons abord\u00e9 les \u00e9nergies \u00e0 votre disposition pour appr\u00e9hender au mieux l&rsquo;ann\u00e9e.<\/p>\n\n\n\n<p class=\"has-text-color\" style=\"color:#170449\">L&rsquo;ann\u00e9e avan\u00e7ant vous exp\u00e9rimentez concr\u00e8tement, quotidiennement cette \u00e9nergie. Trop souvent la th\u00e9orie est v\u00e9cue inconsciemment et ne permet pas de tirer avantage des \u00e9nergies \u00e0 disposition. Cette s\u00e9ance, qui est un suivi de votre tirage de l&rsquo;ann\u00e9e, vous permet de mettre en lien la th\u00e9orie et le v\u00e9cu, de rep\u00e9rer, d&rsquo;ajuster, de travailler les points cl\u00e9s afin de mettre en \u0153uvre les points forts.<\/p>\n\n\n\n<p class=\"has-text-color\" style=\"color:#170449\">Vous pourrez vous aider, pour la s\u00e9ance, du tableau remis lors de votre tirage de l&rsquo;ann\u00e9e. Nous explorerons le tirage effectu\u00e9 en d\u00e9but d&rsquo;ann\u00e9e sous l&rsquo;angle des \u00e9v\u00e9nements, des r\u00e9ussites, des constations ou des blocages. Un nouveau tirage viendra apporter des pr\u00e9cisions \u00e0 cette \u00e9nergie que vous exp\u00e9rimentez.<\/p>\n\n\n\n<p class=\"has-text-color\" style=\"color:#170449\">Vous envisagerez les actions, les solutions dont vous avez besoin pour avancer sur votre chemin.<\/p>\n\n\n\n<p class=\"has-text-color\" style=\"color:#170449\">Les s\u00e9ances ont lieu en pr\u00e9sentiel ou \u00e0 distance (dans ce cas, pr\u00e9voir un endroit calme o\u00f9 vous serez seul(e) et s\u00fbr(e) de ne pas \u00eatre d\u00e9rang\u00e9(e) pendant la s\u00e9ance).<\/p>\n\n\n\n<p class=\"has-text-color\" style=\"color:#170449\">Le tarif de la consultation comprend \u00e9galement un travail en amont de la s\u00e9ance, un rendez-vous ne peut donc pas \u00eatre pris pour le jour m\u00eame.<\/p>\n\n\n\n<h2 class=\"has-text-color has-normal-font-size wp-block-heading\" style=\"color:#170449\"><strong>T\u00c9MOIGNAGES<\/strong><\/h2>\n\n\n\n<p class=\"has-text-align-center has-text-color\" style=\"color:#170449\">\u00ab\u00a0<em>Un grand merci \u00e0 Val\u00e9rie pour cette plong\u00e9e p\u00e9dagogique, sensible et intuitive dans ce \u00ab\u00a0grand monde\u00a0\u00bb tarologique et astrologique. J&rsquo;ai beaucoup appr\u00e9ci\u00e9 le cheminement de pens\u00e9e, tout en finesse, les espaces de dialogue, port\u00e9s par une grande g\u00e9n\u00e9rosit\u00e9 qui donnent toute sa valeur et toute sa force \u00e0 cet outil de lecture, de compr\u00e9hension et de transformation individualis\u00e9. Tout ce que j&rsquo;ai recueilli est une source de r\u00e9f\u00e9rences et d&rsquo;inspiration qui reste bien vivante et abondante.<\/em>\u00a0\u00bb H\u00e9l\u00e8ne<\/p>\n\n\n\n<p class=\"has-text-align-center has-text-color\" style=\"color:#170449\"><em>\u00ab\u00a0Val\u00e9rie a le don de l&rsquo;accompagnement. Elle sait parfaitement apporter les outils afin que la compr\u00e9hension de soi-m\u00eame permette de r\u00e9inventer sa vie. Elle est dot\u00e9e d&rsquo;une finesse d&rsquo;analyse et d&rsquo;une douceur incroyable.<br>Un grand talent que la nature a cr\u00e9\u00e9 pour le bien de l&rsquo;humanit\u00e9. MERCI\u00a0\u00bb<\/em> Marie-Aude MENAJOVSKY-POIRIER<em> Naturopathe \u00e0 domicile <a rel=\"noreferrer noopener\" href=\"https:\/\/www.marieaude-naturopathe.com\/\" target=\"_blank\">https:\/\/www.marieaude-naturopathe.com\/<\/a><\/em><\/p>\n\n\n\n<p class=\"has-text-align-center has-text-color\" style=\"color:#170449\"><em>\u00ab\u00a0La s\u00e9ance avec Val\u00e9rie m&rsquo;a permis de mettre de la clart\u00e9 et de la compr\u00e9hension sur ce que je traverse en ce moment, de me poser avec moi-m\u00eame en \u00e9coute avec les \u00e9nergies qui sont \u00e0 l\u2019\u0153uvre. Val\u00e9rie est passionn\u00e9e et g\u00e9n\u00e9reuse dans ses \u00e9changes avec l&rsquo;autre, et s&rsquo;adapte avec finesse et bienveillance \u00e0 la personne qu&rsquo;elle re\u00e7oit. Je suis sortie de la s\u00e9ance galvanis\u00e9e, soulag\u00e9e, et pr\u00eate \u00e0 prendre les bonnes d\u00e9cisions en alignement avec mon \u00eatre profond.\u00a0\u00bb <\/em>Julia S.<\/p>\n\n\n\n<p class=\"has-text-color has-small-font-size\" style=\"color:#170449\">*<em>Le tarot de Marseille est utilis\u00e9 comme un photolangage en s\u2019aidant des ressentis et des symboles. Aucune consultation de voyance ne sera faite, l\u2019outil n\u2019est pas utilis\u00e9 \u00e0 des fins divinatoires. C\u2019est \u00e0 vous de cr\u00e9er votre avenir.<\/em><\/p>\n\n\n\n<p class=\"has-text-color has-small-font-size\" style=\"color:#170449\">Cet outil n\u2019est pas th\u00e9rapeutique. En cas de difficult\u00e9s s\u2019adresser \u00e0 un professionnel de sant\u00e9.<\/p>\n","protected":false},"excerpt":{"rendered":"<p>Les consultations ont lieu de mai \u00e0 septembre. Le Plan d&rsquo;Action Tarologique s&rsquo;adresse aux personnes ayant fait la consultation Tirage Tarologique de l&rsquo;Ann\u00e9e. Lors de cette s\u00e9ance nous avons abord\u00e9 les \u00e9nergies \u00e0 votre disposition pour appr\u00e9hender au mieux l&rsquo;ann\u00e9e. L&rsquo;ann\u00e9e avan\u00e7ant vous exp\u00e9rimentez concr\u00e8tement, quotidiennement cette \u00e9nergie. Trop souvent la th\u00e9orie est v\u00e9cue inconsciemment [&hellip;]<\/p>\n","protected":false},"author":1,"featured_media":420,"parent":0,"menu_order":0,"comment_status":"closed","ping_status":"closed","template":"template-wide-page.php","meta":{"footnotes":""},"class_list":["post-126","page","type-page","status-publish","has-post-thumbnail","hentry"],"_links":{"self":[{"href":"https:\/\/reinventonsnosvies.com\/index.php\/wp-json\/wp\/v2\/pages\/126","targetHints":{"allow":["GET"]}}],"collection":[{"href":"https:\/\/reinventonsnosvies.com\/index.php\/wp-json\/wp\/v2\/pages"}],"about":[{"href":"https:\/\/reinventonsnosvies.com\/index.php\/wp-json\/wp\/v2\/types\/page"}],"author":[{"embeddable":true,"href":"https:\/\/reinventonsnosvies.com\/index.php\/wp-json\/wp\/v2\/users\/1"}],"replies":[{"embeddable":true,"href":"https:\/\/reinventonsnosvies.com\/index.php\/wp-json\/wp\/v2\/comments?post=126"}],"version-history":[{"count":26,"href":"https:\/\/reinventonsnosvies.com\/index.php\/wp-json\/wp\/v2\/pages\/126\/revisions"}],"predecessor-version":[{"id":885,"href":"https:\/\/reinventonsnosvies.com\/index.php\/wp-json\/wp\/v2\/pages\/126\/revisions\/885"}],"wp:featuredmedia":[{"embeddable":true,"href":"https:\/\/reinventonsnosvies.com\/index.php\/wp-json\/wp\/v2\/media\/420"}],"wp:attachment":[{"href":"https:\/\/reinventonsnosvies.com\/index.php\/wp-json\/wp\/v2\/media?parent=126"}],"curies":[{"name":"wp","href":"https:\/\/api.w.org\/{rel}","templated":true}]}}