{"id":110,"date":"2021-06-12T17:39:41","date_gmt":"2021-06-12T15:39:41","guid":{"rendered":"http:\/\/ksyxvoz.cluster028.hosting.ovh.net\/?page_id=110"},"modified":"2023-02-09T11:59:03","modified_gmt":"2023-02-09T10:59:03","slug":"interpretation-de-reve","status":"publish","type":"page","link":"https:\/\/reinventonsnosvies.com\/index.php\/interpretation-de-reve\/","title":{"rendered":"R\u00eave, \u00e0 quoi songes-tu  ?"},"content":{"rendered":"\n<p class=\"has-text-align-center has-text-color has-medium-font-size\" style=\"color:#170449\">Outil d\u2019interpr\u00e9tation de r\u00eaves<\/p>\n\n\n\n<div class=\"wp-block-image\"><figure class=\"aligncenter size-large is-resized\"><img loading=\"lazy\" decoding=\"async\" src=\"http:\/\/ksyxvoz.cluster028.hosting.ovh.net\/wp-content\/uploads\/2021\/06\/lunesoleil-721x1024.jpg\" alt=\"\" class=\"wp-image-112\" width=\"241\" height=\"341\" srcset=\"https:\/\/reinventonsnosvies.com\/wp-content\/uploads\/2021\/06\/lunesoleil-721x1024.jpg 721w, https:\/\/reinventonsnosvies.com\/wp-content\/uploads\/2021\/06\/lunesoleil-211x300.jpg 211w, https:\/\/reinventonsnosvies.com\/wp-content\/uploads\/2021\/06\/lunesoleil-768x1091.jpg 768w, https:\/\/reinventonsnosvies.com\/wp-content\/uploads\/2021\/06\/lunesoleil.jpg 901w\" sizes=\"auto, (max-width: 241px) 100vw, 241px\" \/><\/figure><\/div>\n\n\n\n<p class=\"has-text-align-center has-text-color\" style=\"color:#170449\">Un r\u00eave non interpr\u00e9t\u00e9 est comme une lettre dont le message n\u2019a pas \u00e9t\u00e9 lu.<\/p>\n\n\n\n<p class=\"has-text-color\" style=\"color:#170449\"><em>R\u00eave, \u00e0 quoi songes-tu&nbsp;?<\/em> est un outil d\u2019accompagnement qui a pour but de d\u00e9crypter les r\u00eaves, de donner des pistes, des axes de r\u00e9flexions et des actions \u00e0 mettre en place.<\/p>\n\n\n\n<div class=\"wp-block-columns is-layout-flex wp-container-core-columns-is-layout-9d6595d7 wp-block-columns-is-layout-flex\">\n<div class=\"wp-block-column is-layout-flow wp-block-column-is-layout-flow\" style=\"flex-basis:100%\">\n<div class=\"wp-block-columns alignwide are-vertically-aligned-center is-layout-flex wp-container-core-columns-is-layout-9d6595d7 wp-block-columns-is-layout-flex\">\n<div class=\"wp-block-column is-vertically-aligned-center is-layout-flow wp-block-column-is-layout-flow\" style=\"flex-basis:33.33%\">\n<div class=\"wp-block-image\"><figure class=\"alignright size-large\"><img loading=\"lazy\" decoding=\"async\" width=\"97\" height=\"189\" src=\"https:\/\/reinventonsnosvies.com\/wp-content\/uploads\/2021\/08\/18.gif\" alt=\"\" class=\"wp-image-594\"\/><\/figure><\/div>\n<\/div>\n\n\n\n<div class=\"wp-block-column is-vertically-aligned-center is-layout-flow wp-block-column-is-layout-flow\" style=\"flex-basis:66.66%\">\n<p class=\"has-text-align-left has-text-color\" style=\"color:#170449\"><em>R\u00eave, \u00e0 quoi songes-tu&nbsp;?<\/em> se r\u00e9alise sous forme de questionnaire oral et utilise le symbolisme du tarot de Marseille*. A la fin de l\u2019accompagnement,&nbsp; une carte est tir\u00e9e pour aider \u00e0 la conclusion de la s\u00e9ance.<\/p>\n<\/div>\n<\/div>\n<\/div>\n<\/div>\n\n\n\n<p class=\"has-text-color\" style=\"color:#170449\">Pour la pr\u00e9paration de la s\u00e9ance, j\u2019ai besoin du texte et de la date de votre r\u00eave.<\/p>\n\n\n\n<div class=\"wp-block-columns is-layout-flex wp-container-core-columns-is-layout-9d6595d7 wp-block-columns-is-layout-flex\">\n<div class=\"wp-block-column is-vertically-aligned-center is-layout-flow wp-block-column-is-layout-flow\" style=\"flex-basis:33.33%\">\n<div class=\"wp-block-image\"><figure class=\"alignright size-large is-resized\"><img loading=\"lazy\" decoding=\"async\" src=\"https:\/\/reinventonsnosvies.com\/wp-content\/uploads\/2021\/06\/LUNESOLEIL-1.jpg\" alt=\"\" class=\"wp-image-114\" width=\"274\" height=\"218\"\/><\/figure><\/div>\n<\/div>\n\n\n\n<div class=\"wp-block-column is-layout-flow wp-block-column-is-layout-flow\" style=\"flex-basis:66.66%\">\n<ul class=\"has-text-color wp-block-list\" style=\"color:#170449\"><li>Avoir de quoi noter \u00e0 proximit\u00e9 du lit et r\u00e9diger le r\u00eave d\u00e8s le r\u00e9veil pour avoir un maximum d\u2019\u00e9l\u00e9ments.<\/li><\/ul>\n\n\n\n<ul class=\"has-text-color wp-block-list\" style=\"color:#170449\"><li>Noter la date exacte du r\u00eave : exemple le r\u00eave \u00e0 lieu dans la nuit du 4 au 5 juin. Avez-vous r\u00eav\u00e9 avant minuit ? Dans ce cas la date du r\u00eave sera le 4 juin. Si vous avez r\u00eav\u00e9 apr\u00e8s minuit la date du r\u00eave sera le 5 juin. Dans le doute, il est pr\u00e9f\u00e9rable de prendre la date du r\u00e9veil.<\/li><\/ul>\n<\/div>\n<\/div>\n\n\n\n<p class=\"has-text-color\" style=\"color:#170449\">L\u2019accompagnement est individuel et personnalis\u00e9 en pr\u00e9sentiel ou \u00e0 distance (dans ce cas, pr\u00e9voir un endroit calme o\u00f9 vous serez seul(e) et s\u00fbr(e) de ne pas \u00eatre d\u00e9rang\u00e9(e) pendant la s\u00e9ance). La s\u00e9ance se d\u00e9roule sur 2 heures.<\/p>\n\n\n\n<p class=\"has-text-color has-normal-font-size\" style=\"color:#170449\">Le tarif de la consultation comprend \u00e9galement un travail en amont de la s\u00e9ance, un rendez-vous ne peut donc pas \u00eatre pris pour le jour m\u00eame.<\/p>\n\n\n\n<h2 class=\"has-text-color has-normal-font-size wp-block-heading\" style=\"color:#170449\"><strong>T\u00c9MOIGNAGES<\/strong><\/h2>\n\n\n\n<p class=\"has-text-align-center has-text-color\" style=\"color:#170449\"><em>\u00ab\u00a0J\u2019ai retrouv\u00e9 confiance en mon ressenti. Cela m\u2019a ouvert sur d\u2019autres pistes que je n\u2019avais pas envisag\u00e9es ou ignor\u00e9es. \u00c7a m\u2019aide beaucoup par rapport \u00e0 de nombreuses questions que je me posais. Je suis repartie pleine d&rsquo;\u00e9nergie.\u00a0\u00bb<\/em> Muriel<\/p>\n\n\n\n<p class=\"has-text-align-center has-text-color\" style=\"color:#170449\">\u00ab\u00a0<em>J&rsquo;ai \u00e9t\u00e9 impressionn\u00e9e face \u00e0 l&rsquo;interpr\u00e9tation de mon r\u00eave gr\u00e2ce au tarot. Mon r\u00eave ne m\u2019avait initialement pas apport\u00e9 toutes ces r\u00e9ponses&#8230; bluffant de justesse. Merci Val\u00e9rie.<\/em>\u00a0\u00bb \u00c9lodie<\/p>\n\n\n\n<p class=\"has-text-color has-small-font-size\" style=\"color:#170449\">*<em>Le tarot de Marseille est utilis\u00e9 comme un photo-langage en s\u2019aidant des ressentis et des symboles. Aucune consultation de voyance ne sera faite. R\u00eave, \u00e0 quoi songes-tu&nbsp;? et le tarot&nbsp; ne sont pas utilis\u00e9s \u00e0 des fins divinatoires. C\u2019est \u00e0 vous de cr\u00e9er votre avenir.<\/em><\/p>\n\n\n\n<p class=\"has-text-color has-small-font-size\" style=\"color:#170449\"><em>Cet outil n\u2019est pas th\u00e9rapeutique. En cas de difficult\u00e9s s\u2019adresser \u00e0 un professionnel de sant\u00e9.<\/em><\/p>\n","protected":false},"excerpt":{"rendered":"<p>Outil d\u2019interpr\u00e9tation de r\u00eaves Un r\u00eave non interpr\u00e9t\u00e9 est comme une lettre dont le message n\u2019a pas \u00e9t\u00e9 lu. R\u00eave, \u00e0 quoi songes-tu&nbsp;? est un outil d\u2019accompagnement qui a pour but de d\u00e9crypter les r\u00eaves, de donner des pistes, des axes de r\u00e9flexions et des actions \u00e0 mettre en place. R\u00eave, \u00e0 quoi songes-tu&nbsp;? se [&hellip;]<\/p>\n","protected":false},"author":1,"featured_media":112,"parent":0,"menu_order":0,"comment_status":"closed","ping_status":"closed","template":"template-wide-page.php","meta":{"footnotes":""},"class_list":["post-110","page","type-page","status-publish","has-post-thumbnail","hentry"],"_links":{"self":[{"href":"https:\/\/reinventonsnosvies.com\/index.php\/wp-json\/wp\/v2\/pages\/110","targetHints":{"allow":["GET"]}}],"collection":[{"href":"https:\/\/reinventonsnosvies.com\/index.php\/wp-json\/wp\/v2\/pages"}],"about":[{"href":"https:\/\/reinventonsnosvies.com\/index.php\/wp-json\/wp\/v2\/types\/page"}],"author":[{"embeddable":true,"href":"https:\/\/reinventonsnosvies.com\/index.php\/wp-json\/wp\/v2\/users\/1"}],"replies":[{"embeddable":true,"href":"https:\/\/reinventonsnosvies.com\/index.php\/wp-json\/wp\/v2\/comments?post=110"}],"version-history":[{"count":54,"href":"https:\/\/reinventonsnosvies.com\/index.php\/wp-json\/wp\/v2\/pages\/110\/revisions"}],"predecessor-version":[{"id":821,"href":"https:\/\/reinventonsnosvies.com\/index.php\/wp-json\/wp\/v2\/pages\/110\/revisions\/821"}],"wp:featuredmedia":[{"embeddable":true,"href":"https:\/\/reinventonsnosvies.com\/index.php\/wp-json\/wp\/v2\/media\/112"}],"wp:attachment":[{"href":"https:\/\/reinventonsnosvies.com\/index.php\/wp-json\/wp\/v2\/media?parent=110"}],"curies":[{"name":"wp","href":"https:\/\/api.w.org\/{rel}","templated":true}]}}